2. Let i(r) = -r + 1. Let v(l) = q*i(l) - g(l). What is v(2)?
23
Let i(m) = m**2 - 6*m + 6. Let b be -3 + 55/19 - 2006/(-646). What is i(b)?
-3
Let w(f) = f**3 + 5*f**2 + 2*f. Let b be (6/(-1))/(-2) - 24/4. Give w(b).
12
Let s(w) = -2*w**2 + 4*w + 1. Let k(q) = -154 - q**2 + 3*q + 157 - 3*q**2 + q**3. Let r be k(3). Determine s(r).
-5
Let o(n) be the second derivative of n**5/20 + 5*n**4/12 - 7*n**3/6 + 2*n. Let a be o(-6). Suppose -5*w - a = -3*w. Let p(q) = -3*q - 1. Determine p(w).
8
Let i(n) = -n**3 + 10*n**2 + n - 8. Let x be i(10). Let u(v) = 9*v**x + 6*v**2 + 8*v**2 - 4*v**2. Give u(1).
19
Let h(t) = t**3 - 4*t**2 - 5*t - 1. Let f = 508 - 503. What is h(f)?
-1
Suppose -6 = -4*j + 2. Suppose -4*r + 4 = -0*r. Let m(s) = -s**2 + 2*s - 3*s + r + 1. Calculate m(j).
-4
Let p be 15 + 15/(-5) - 0. Suppose 0 = 6*f - 2*f - p. Let n(h) = 7*h**f - 4*h**2 + 6*h - h**3 - 7*h**3. Give n(-5).
-5
Suppose 3*z + 9 = -5*r, 5*z + r + 5 = 12. Suppose q = -z*q + 6. Suppose -5*n + 2*i + 20 = 0, q*n - 2*i + 1 - 15 = 0. Let j(l) = -l**2 + l + 2. What is j(n)?
0
Let y = 2 - 1. Let v(f) be the third derivative of -f**6/120 + f**5/60 - f**4/12 + f**3/6 - 371*f**2. Give v(y).
-1
Let g(x) = -2*x - 32. Let k be g(-19). Let i(d) = 2 + d**2 - d**3 - 6*d**2 - d + 8*d + k. Calculate i(-6).
2
Let w(v) = v + 1. Suppose -19*a + 23 = 80. Give w(a).
-2
Let p(g) be the third derivative of -g**5/60 + g**4/6 - g**3/6 + 90*g**2. Let o(s) = -s - 9. Let d be o(-11). Give p(d).
3
Let n(i) = -i**3 + i**2 + i + 1. Let h(q) = -q**3 - 3*q**2 - 5*q - 4. Let x(t) = h(t) + 4*n(t). What is x(1)?
-5
Suppose -15*z = -18 - 27. Let r(u) = 3*u - 6. What is r(z)?
3
Let n(l) = l**3 - 4*l**2 - 1. Suppose -5*c - p = -23, 7*c = 4*c + p + 9. Calculate n(c).
-1
Let i(u) be the first derivative of -2*u**2 + u - 11. Let g be (-30)/(-9)*(-3)/(-2). Suppose 15 = g*f, -4*f - 3 = -3*w - 3*f. Give i(w).
-7
Let m(h) = 2*h + 3. Let g(b) = -12*b - 18. Let d(f) = 6*g(f) + 34*m(f). Let j be 23*-2 - 1 - (-6 + 4). Let z = -49 - j. Determine d(z).
10
Let c(f) = -f**3 + f + 19*f**2 + 5*f**3 - 31 - 22*f**2 + 32. What is c(1)?
3
Let q(v) be the third derivative of v**7/840 + v**4/3 - 7*v**3/6 - 9*v**2. Let d(j) be the first derivative of q(j). Give d(0).
8
Let w(k) = -k**3 + 2*k**2 + 2*k. Let r be -4 + (149/4)/(4/16). Let a = r + -142. Calculate w(a).
-3
Let p(f) = 4*f + 1. Let h(a) = a - 1. Let w = -18 + 19. Let z(b) = w*p(b) - 3*h(b). Calculate z(4).
8
Let v(h) = -h**3 - 5*h**2 - 5*h - 3. Let f be (((-45)/6)/(-3)*4)/(-2). Give v(f).
22
Let u = 4846/3 + -1615. Let b(c) be the first derivative of u*c**3 - c + 11 + 3*c**2. Give b(-3).
-10
Let m(o) be the second derivative of o**8/6720 - o**7/630 + o**6/240 - o**5/60 - 5*o**4/12 - 27*o. Let y(n) be the third derivative of m(n). Give y(3).
-2
Let w(v) = 27*v - 2 - 8*v - 18*v. Let k be 7/(-3) + 4/12. Let h be 24/9 - k/(-3). Calculate w(h).
0
Let r = 295 + -298. Let k(h) = -h**2 - 4*h - 3. Give k(r).
0
Let q = 1560 + -1560. Let h(a) be the third derivative of 1/8*a**4 - 8*a**2 + 1/2*a**3 - 1/60*a**5 + q + 0*a. Determine h(4).
-1
Let s = 60 - 30. Suppose 4*r - 2*d = -s, 5*r = 3*d - 5*d - 24. Let k(h) = -h**2 - 4*h + 6. Determine k(r).
-6
Suppose -6*y + 1442 = 1544. Let u(q) = 2*q + 36. Determine u(y).
2
Let u(t) be the second derivative of -t**8/6720 + t**7/2520 + t**6/360 + t**5/120 - t**4 + 5*t. Let g(i) be the third derivative of u(i). What is g(2)?
1
Let q(k) = 9*k + 7*k**2 + 0 + 68*k**3 - 10 + 70*k**3 - 139*k**3. Calculate q(8).
-2
Let f(p) be the first derivative of -p**4/4 + 2*p**3 - p**2 + 8*p - 2. Let g = -311 - -317. What is f(g)?
-4
Let w(i) = -2*i - 24. Suppose -14 = m - 5*n + 3, 3*n - 12 = 0. Let s(c) = -c - 12. Let o(b) = m*w(b) - 7*s(b). Give o(-9).
3
Let w(d) be the third derivative of 1/3*d**3 + 1 + 8*d**2 + 1/60*d**5 + 0*d**4 + 0*d. Give w(0).
2
Let m(g) = g**2 + 5*g + 3. Let a be m(-5). Let y be (-1)/3*a - (-4)/2. Let f(r) = -2*r + 1. Determine f(y).
-1
Let a(z) = z**2 + 2*z + 34. Let p be a(0). Let r(w) = -p + 15 + 20 - 2*w. Give r(3).
-5
Let s(v) = v**2 + v - 1. Let t(p) be the third derivative of p**5/30 - p**4/12 - p**3/2 - 25*p**2. Let u(l) = -3*s(l) + t(l). Let n = -4 - -1. Calculate u(n).
6
Let z(q) = -q**2 - q + 6. Let v be z(3). Let j be (8/v)/(12/(-18)). Let t(y) = 3 - 3 + 0 + 8*y. Calculate t(j).
16
Let u(x) = 850 - 3*x - x**2 - 845 + 0*x. What is u(-5)?
-5
Let k(q) = q**3 - 7*q**2 + 2*q - 7. Suppose -172*c = -145*c - 189. Determine k(c).
7
Let k(t) be the first derivative of -t**2/2 + 2*t - 5. Let m = -7 - -2. Give k(m).
7
Let x = -8 + 3. Let r(y) = 136*y**2 + 4*y - 137*y**2 - 3 + 0 - 3*y - 6*y. What is r(x)?
-3
Let o(h) = 2*h**3 + h**2 + h. Let a be 72/39 + (-10)/(-65). Give o(a).
22
Let r be 70/105*(0 + 0 + 3). Suppose r*n + 10 = 2. Let c(f) = -3*f - 5. Determine c(n).
7
Let b(d) = -7*d**3 - 3*d**2 + 2*d - 8. Let t(w) = -w**3 - 1. Suppose -g = 4*z - 2, -g - 3*g - 8 = 0. Let q(h) = z*b(h) - 6*t(h). Let a = 1 + -4. Calculate q(a).
-8
Let d(b) = 6*b - 3. Let h(z) = -3*z + 2. Let i(c) = -3*d(c) - 5*h(c). Let r = 0 - -4. Suppose -4*u - r*g = 4, -u + 4*g + 20 - 6 = 0. What is i(u)?
-7
Let l(i) = -i**2 + 4*i**2 - 3*i**2 - 2*i**2 + 2 - i. Determine l(-3).
-13
Let f(s) = 93*s**2 - 5*s - 6. Let p be f(-1). Let l(m) = -m**3 - 3 + 87*m**2 + 2*m**3 - p*m**2 + 3*m - 4. Determine l(5).
8
Let i(j) = 2*j - 2. Let t(g) = 3*g - 5. Suppose 0 = -3*b - b - p + 13, -31 = -3*b - 5*p. Suppose -15 = 5*q - b*q. Let w(o) = q*i(o) + 3*t(o). Determine w(-5).
0
Let p(x) = x**2 - 6. Let g(y) = y**2 - 10*y + 8. Let h be g(9). Let f be ((-1)/5)/h + (-2)/10. What is p(f)?
-6
Let w(l) be the first derivative of -l**4/4 - 2*l**3/3 - l**2/2 + 4*l + 280. What is w(-2)?
6
Let d(x) = -x**3 + 3*x**2 - 3*x - 3. Let j = 91 - 88. What is d(j)?
-12
Let l(h) be the first derivative of h**4/4 - h**2/2 + 9*h - 19. Give l(0).
9
Let c = -308 - -298. Let b(j) = -2 + 2 - 3 - j. Give b(c).
7
Let g(n) = 0 + n - 2*n + 1. Let w(c) = 50 - 57 + 29 - 6*c - 10*c**2 - c**3. Let z be w(-9). Give g(z).
6
Let q be (10/(-2) + -153)/(-2*1). Let h = q + -73. Let k(d) = 2*d - 9. Determine k(h).
3
Let d(q) = 13 - 2*q - 3*q - q + 5*q. Let m be d(6). Suppose -3*u = -m + 1. Let h(v) = -v**2 + v. Give h(u).
-2
Suppose 3*w + 2*g = 4, -3*w + 5 = w + 3*g. Let b(c) = -3*c**2 + 6*c - 3. Let i be b(w). Let z(d) = -2*d. Determine z(i).
6
Suppose 3*z + 20 = 4*g, 21*g - 23*g + 10 = 5*z. Let h(v) = -v + 17. Determine h(g).
12
Suppose -4*m + 6 = -6*m. Let r(l) = 2160 + 2*l - 1082 - 1077. What is r(m)?
-5
Suppose -9 = -5*i + 2*i. Let x be 3/9 - 33/(-9). Let j(r) = 13*r**2 + 2 - 12*r**2 - x - r. Calculate j(i).
4
Let i(x) = -x**3 + 12*x**2 - 23. Suppose 53*z - 444 = 16*z. Give i(z).
-23
Let u(o) = 27*o - 235. Let f be u(9). Let d(l) = -2*l - 6. What is d(f)?
-22
Let r(f) = -7*f - 4 + 3*f - 23 + 6 + 3*f. What is r(-19)?
-2
Let s(y) be the third derivative of y**4/12 + y**3 - 8*y**2. Let r = 46 + -39. Calculate s(r).
20
Let s(i) = 2*i**2 - 2*i + 3. Suppose 21 = 28*l - 21*l. Determine s(l).
15
Suppose -3*y = -2*y - 5, -3*j - 4*y + 41 = 0. Let n(x) be the first derivative of -x**3/3 + 3*x**2 + 10*x - 2. Determine n(j).
3
Let i(o) be the first derivative of 0*o - 1/3*o**3 - 17 + 1/2*o**2. Determine i(2).
-2
Let g(t) = -t**2 + 6*t + 2. Let q be g(6). Let j(p) = -3*p + 7. Let x be j(q). Let f(k) = 8*k + 1. Calculate f(x).
9
Let u(z) = -15*z - 4. Let i(a) = a. Let x(k) = 4*i(k) + u(k). What is x(-3)?
29
Let d(h) = -16*h**2. Suppose 0 = s + 3*g - 7, 6*s - 5*s + 2*g - 5 = 0. What is d(s)?
-16
Suppose -4*h = -h - 5*a + 110, -20 = 4*a. Let l be (4/10)/((-3)/h). Let i(v) = -v**2 + 9*v - 6. Calculate i(l).
12
Let z(r) = -r**3 - r**2 + r. Let l(u) = 4*u**3 - u**2 - 4*u - 7. Let n(m) = l(m) + 3*z(m). Let d = 41 - 44. Let j(q) = -4*q - 7. Let x be j(d). Determine n(x).
13
Let g = -22979 + 22975. Suppose -2*f = -2*n + 16, -4*f + f + 6 = 2*n. Let c(a) = 0 + 2*a**2 - 3 + 0*a**2 + a**3 - n*a. Determine c(g).
-11
Suppose -4*z = -3*z. Let d(o) = 3*o**2 + 11*o - 12. Let a be d(-6). Let y(h) = -30 + h + a. Give y(z).
0
Let n(a) = a**2 - 2*a + 1. Let v be n(3). Let s(m) = -m + 7. Let y be s(v). Suppose 0 = -2*i + 5 + y. Let h(b) = 2*b - 5. What is h(i)?
3
Suppose 0*s = 3*s - 9. Suppose -24 = s*q + q. Let j(r) be the second derivative of r**5/20 + 5*r*